{"id":670,"date":"2020-12-17T11:01:12","date_gmt":"2020-12-17T09:01:12","guid":{"rendered":"https:\/\/karivoo.com\/?post_type=product&#038;p=670"},"modified":"2021-07-16T10:56:57","modified_gmt":"2021-07-16T08:56:57","slug":"placa-de-madera-forma-de-hueso-personalizada-con-nombre-y-raza-de-perro","status":"publish","type":"product","link":"https:\/\/karivoo.com\/index.php\/producto\/placa-de-madera-forma-de-hueso-personalizada-con-nombre-y-raza-de-perro\/","title":{"rendered":"Placa de madera forma de hueso personalizada con nombre y raza de su perro"},"content":{"rendered":"<p>[et_pb_section fb_built=&#8221;1&#8243; _builder_version=&#8221;3.22&#8243; custom_padding=&#8221;0px||||false|false&#8221;][et_pb_row _builder_version=&#8221;3.25&#8243; background_size=&#8221;initial&#8221; background_position=&#8221;top_left&#8221; background_repeat=&#8221;repeat&#8221; width=&#8221;100%&#8221; custom_padding=&#8221;0px||0px||false|false&#8221;][et_pb_column type=&#8221;4_4&#8243; _builder_version=&#8221;3.25&#8243; custom_padding=&#8221;|||&#8221; custom_padding__hover=&#8221;|||&#8221;][et_pb_wc_breadcrumb _builder_version=&#8221;3.0.47&#8243;][\/et_pb_wc_breadcrumb][et_pb_wc_cart_notice _builder_version=&#8221;3.0.47&#8243;][\/et_pb_wc_cart_notice][\/et_pb_column][\/et_pb_row][et_pb_row column_structure=&#8221;1_2,1_2&#8243; _builder_version=&#8221;3.25&#8243; background_size=&#8221;initial&#8221; background_position=&#8221;top_left&#8221; background_repeat=&#8221;repeat&#8221; width=&#8221;100%&#8221; custom_padding=&#8221;0px||||false|false&#8221;][et_pb_column type=&#8221;1_2&#8243; _builder_version=&#8221;3.25&#8243; custom_padding=&#8221;|||&#8221; custom_padding__hover=&#8221;|||&#8221;][et_pb_wc_images _builder_version=&#8221;3.0.47&#8243;][\/et_pb_wc_images][\/et_pb_column][et_pb_column type=&#8221;1_2&#8243; _builder_version=&#8221;3.25&#8243; custom_padding=&#8221;|||&#8221; custom_padding__hover=&#8221;|||&#8221;][et_pb_wc_title _builder_version=&#8221;3.0.47&#8243;][\/et_pb_wc_title][et_pb_wc_rating _builder_version=&#8221;3.0.47&#8243;][\/et_pb_wc_rating][et_pb_wc_price _builder_version=&#8221;3.0.47&#8243;][\/et_pb_wc_price][et_pb_wc_description _builder_version=&#8221;3.0.47&#8243;][\/et_pb_wc_description][et_pb_wc_add_to_cart _builder_version=&#8221;3.0.47&#8243;][\/et_pb_wc_add_to_cart][et_pb_wc_meta _builder_version=&#8221;3.0.47&#8243;][\/et_pb_wc_meta][et_pb_text _builder_version=&#8221;4.7.7&#8243; _module_preset=&#8221;default&#8221;]<\/p>\n<p>\u00b7 Env\u00edo <strong>GRATIS<\/strong> para pedidos superiores a 24\u20ac (IVA incluido)<br \/>\u00b7 4,95\u20ac de gastos de env\u00edo para pedidos inferiores a 24\u20ac (IVA incluido)<br \/>\u00b7 Entrega de 48 horas a 72 horas laborables en Espa\u00f1a peninsular<\/p>\n<p>[\/et_pb_text][\/et_pb_column][\/et_pb_row][et_pb_row _builder_version=&#8221;3.25&#8243; background_size=&#8221;initial&#8221; background_position=&#8221;top_left&#8221; background_repeat=&#8221;repeat&#8221; width=&#8221;100%&#8221;][et_pb_column type=&#8221;4_4&#8243; _builder_version=&#8221;3.25&#8243; custom_padding=&#8221;|||&#8221; custom_padding__hover=&#8221;|||&#8221;][et_pb_wc_tabs _builder_version=&#8221;3.0.47&#8243;]\t\t\t\t\t[\/et_pb_wc_tabs][et_pb_wc_upsells _builder_version=&#8221;3.0.47&#8243;][\/et_pb_wc_upsells][et_pb_wc_related_products _builder_version=&#8221;3.0.47&#8243;][\/et_pb_wc_related_products][\/et_pb_column][\/et_pb_row][\/et_pb_section]<\/p>\n","protected":false},"excerpt":{"rendered":"<ul>\n<li>PLACA HUESO PERSONALIZADA: Personalice con el nombre de su mascota, eligiendo el color del hueso y el modelo de la silueta.<\/li>\n<li>SEG\u00daN LA RAZA: disponemos de varios modelos seg\u00fan la raza de su perro, ***si la raza de su mascota no aparece entre los modelos disponibles en la imagen, seleccione en modelos de raza &#8220;OTRO&#8221; y en la casilla de texto &#8220;RAZA&#8221; indique de que raza se trata.<\/li>\n<li>PERSONALIZABLE: Dise\u00f1ada y fabricada en Espa\u00f1a, puede personalizarla con el nombre o texto que quieras con un m\u00e1ximo de 9 caracteres.<\/li>\n<li>FABRICACI\u00d3N: Fabricado con madera contrachapada MDF blanca y marr\u00f3n color madera. Un regalo artesanal, \u00fanico y personalizado que sorprender\u00e1. En la parte trasera lleva una tira de adhesivo doble cara para poder sujetarlo f\u00e1cilmente sobre cualquier superficie lisa. Patentado por Karivoo.<\/li>\n<li>Medidas de la placa hueso: 24 x 10 x 0,6 cm.<\/li>\n<\/ul>\n<p>&nbsp;<\/p>\n","protected":false},"featured_media":671,"comment_status":"open","ping_status":"closed","template":"","meta":{"_et_pb_use_builder":"on","_et_pb_old_content":"Vista el dormitorio, muebles, caseta o cama de su mascota con una placa personalizada con su nombre y silueta de la raza, que decorar\u00e1 el lugar de su mascota o el suyo propio con elegancia y originalidad. Elija las opciones seg\u00fan im\u00e1genes de producto.\r\n\r\nProducto artesanal fabricado en Espa\u00f1a.","_et_gb_content_width":""},"product_brand":[],"product_cat":[32],"product_tag":[33,36,34,35,37],"class_list":{"0":"post-670","1":"product","2":"type-product","3":"status-publish","4":"has-post-thumbnail","6":"product_cat-mascotas","7":"product_tag-macotas","8":"product_tag-mascota","9":"product_tag-perro","10":"product_tag-perros","11":"product_tag-personalizado","13":"first","14":"instock","15":"sale","16":"taxable","17":"shipping-taxable","18":"purchasable","19":"product-type-variable"},"yoast_head":"<!-- This site is optimized with the Yoast SEO plugin v24.7 - https:\/\/yoast.com\/wordpress\/plugins\/seo\/ -->\n<title>Placa de madera forma de hueso personalizada con nombre y raza de su perro - Karivoo<\/title>\n<meta name=\"robots\" content=\"index, follow, max-snippet:-1, max-image-preview:large, max-video-preview:-1\" \/>\n<link rel=\"canonical\" href=\"https:\/\/karivoo.com\/index.php\/producto\/placa-de-madera-forma-de-hueso-personalizada-con-nombre-y-raza-de-perro\/\" \/>\n<meta property=\"og:locale\" content=\"es_ES\" \/>\n<meta property=\"og:type\" content=\"article\" \/>\n<meta property=\"og:title\" content=\"Placa de madera forma de hueso personalizada con nombre y raza de su perro - Karivoo\" \/>\n<meta property=\"og:description\" content=\"PLACA HUESO PERSONALIZADA: Personalice con el nombre de su mascota, eligiendo el color del hueso y el modelo de la silueta.  SEG\u00daN LA RAZA: disponemos de varios modelos seg\u00fan la raza de su perro, ***si la raza de su mascota no aparece entre los modelos disponibles en la imagen, seleccione en modelos de raza &quot;OTRO&quot; y en la casilla de texto &quot;RAZA&quot; indique de que raza se trata.  PERSONALIZABLE: Dise\u00f1ada y fabricada en Espa\u00f1a, puede personalizarla con el nombre o texto que quieras con un m\u00e1ximo de 9 caracteres.  FABRICACI\u00d3N: Fabricado con madera contrachapada MDF blanca y marr\u00f3n color madera. Un regalo artesanal, \u00fanico y personalizado que sorprender\u00e1. En la parte trasera lleva una tira de adhesivo doble cara para poder sujetarlo f\u00e1cilmente sobre cualquier superficie lisa. Patentado por Karivoo.  Medidas de la placa hueso: 24 x 10 x 0,6 cm.  &nbsp;\" \/>\n<meta property=\"og:url\" content=\"https:\/\/karivoo.com\/index.php\/producto\/placa-de-madera-forma-de-hueso-personalizada-con-nombre-y-raza-de-perro\/\" \/>\n<meta property=\"og:site_name\" content=\"Karivoo\" \/>\n<meta property=\"article:publisher\" content=\"https:\/\/www.facebook.com\/Karivoo-105245794677788\" \/>\n<meta property=\"article:modified_time\" content=\"2021-07-16T08:56:57+00:00\" \/>\n<meta property=\"og:image\" content=\"https:\/\/karivoo.com\/wp-content\/uploads\/2020\/12\/MODELOS-THOR-2.jpg\" \/>\n\t<meta property=\"og:image:width\" content=\"2008\" \/>\n\t<meta property=\"og:image:height\" content=\"1506\" \/>\n\t<meta property=\"og:image:type\" content=\"image\/jpeg\" \/>\n<meta name=\"twitter:card\" content=\"summary_large_image\" \/>\n<meta name=\"twitter:label1\" content=\"Tiempo de lectura\" \/>\n\t<meta name=\"twitter:data1\" content=\"2 minutos\" \/>\n<script type=\"application\/ld+json\" class=\"yoast-schema-graph\">{\"@context\":\"https:\/\/schema.org\",\"@graph\":[{\"@type\":\"WebPage\",\"@id\":\"https:\/\/karivoo.com\/index.php\/producto\/placa-de-madera-forma-de-hueso-personalizada-con-nombre-y-raza-de-perro\/\",\"url\":\"https:\/\/karivoo.com\/index.php\/producto\/placa-de-madera-forma-de-hueso-personalizada-con-nombre-y-raza-de-perro\/\",\"name\":\"Placa de madera forma de hueso personalizada con nombre y raza de su perro - Karivoo\",\"isPartOf\":{\"@id\":\"https:\/\/karivoo.com\/#website\"},\"primaryImageOfPage\":{\"@id\":\"https:\/\/karivoo.com\/index.php\/producto\/placa-de-madera-forma-de-hueso-personalizada-con-nombre-y-raza-de-perro\/#primaryimage\"},\"image\":{\"@id\":\"https:\/\/karivoo.com\/index.php\/producto\/placa-de-madera-forma-de-hueso-personalizada-con-nombre-y-raza-de-perro\/#primaryimage\"},\"thumbnailUrl\":\"https:\/\/karivoo.com\/wp-content\/uploads\/2020\/12\/MODELOS-THOR-2.jpg\",\"datePublished\":\"2020-12-17T09:01:12+00:00\",\"dateModified\":\"2021-07-16T08:56:57+00:00\",\"breadcrumb\":{\"@id\":\"https:\/\/karivoo.com\/index.php\/producto\/placa-de-madera-forma-de-hueso-personalizada-con-nombre-y-raza-de-perro\/#breadcrumb\"},\"inLanguage\":\"es\",\"potentialAction\":[{\"@type\":\"ReadAction\",\"target\":[\"https:\/\/karivoo.com\/index.php\/producto\/placa-de-madera-forma-de-hueso-personalizada-con-nombre-y-raza-de-perro\/\"]}]},{\"@type\":\"ImageObject\",\"inLanguage\":\"es\",\"@id\":\"https:\/\/karivoo.com\/index.php\/producto\/placa-de-madera-forma-de-hueso-personalizada-con-nombre-y-raza-de-perro\/#primaryimage\",\"url\":\"https:\/\/karivoo.com\/wp-content\/uploads\/2020\/12\/MODELOS-THOR-2.jpg\",\"contentUrl\":\"https:\/\/karivoo.com\/wp-content\/uploads\/2020\/12\/MODELOS-THOR-2.jpg\",\"width\":2008,\"height\":1506},{\"@type\":\"BreadcrumbList\",\"@id\":\"https:\/\/karivoo.com\/index.php\/producto\/placa-de-madera-forma-de-hueso-personalizada-con-nombre-y-raza-de-perro\/#breadcrumb\",\"itemListElement\":[{\"@type\":\"ListItem\",\"position\":1,\"name\":\"Portada\",\"item\":\"https:\/\/karivoo.com\/\"},{\"@type\":\"ListItem\",\"position\":2,\"name\":\"Tienda\",\"item\":\"https:\/\/karivoo.com\/index.php\/tienda\/\"},{\"@type\":\"ListItem\",\"position\":3,\"name\":\"Placa de madera forma de hueso personalizada con nombre y raza de su perro\"}]},{\"@type\":\"WebSite\",\"@id\":\"https:\/\/karivoo.com\/#website\",\"url\":\"https:\/\/karivoo.com\/\",\"name\":\"Karivoo\",\"description\":\"Artesan\u00eda creativa de decoraci\u00f3n personalizada\",\"publisher\":{\"@id\":\"https:\/\/karivoo.com\/#organization\"},\"potentialAction\":[{\"@type\":\"SearchAction\",\"target\":{\"@type\":\"EntryPoint\",\"urlTemplate\":\"https:\/\/karivoo.com\/?s={search_term_string}\"},\"query-input\":{\"@type\":\"PropertyValueSpecification\",\"valueRequired\":true,\"valueName\":\"search_term_string\"}}],\"inLanguage\":\"es\"},{\"@type\":\"Organization\",\"@id\":\"https:\/\/karivoo.com\/#organization\",\"name\":\"KARIVOO\",\"url\":\"https:\/\/karivoo.com\/\",\"logo\":{\"@type\":\"ImageObject\",\"inLanguage\":\"es\",\"@id\":\"https:\/\/karivoo.com\/#\/schema\/logo\/image\/\",\"url\":\"https:\/\/karivoo.com\/wp-content\/uploads\/2020\/09\/karivoo_logo_cabecera3.png\",\"contentUrl\":\"https:\/\/karivoo.com\/wp-content\/uploads\/2020\/09\/karivoo_logo_cabecera3.png\",\"width\":600,\"height\":456,\"caption\":\"KARIVOO\"},\"image\":{\"@id\":\"https:\/\/karivoo.com\/#\/schema\/logo\/image\/\"},\"sameAs\":[\"https:\/\/www.facebook.com\/Karivoo-105245794677788\",\"https:\/\/www.instagram.com\/karivoo_com\/\"]}]}<\/script>\n<!-- \/ Yoast SEO plugin. -->","yoast_head_json":{"title":"Placa de madera forma de hueso personalizada con nombre y raza de su perro - Karivoo","robots":{"index":"index","follow":"follow","max-snippet":"max-snippet:-1","max-image-preview":"max-image-preview:large","max-video-preview":"max-video-preview:-1"},"canonical":"https:\/\/karivoo.com\/index.php\/producto\/placa-de-madera-forma-de-hueso-personalizada-con-nombre-y-raza-de-perro\/","og_locale":"es_ES","og_type":"article","og_title":"Placa de madera forma de hueso personalizada con nombre y raza de su perro - Karivoo","og_description":"PLACA HUESO PERSONALIZADA: Personalice con el nombre de su mascota, eligiendo el color del hueso y el modelo de la silueta.  SEG\u00daN LA RAZA: disponemos de varios modelos seg\u00fan la raza de su perro, ***si la raza de su mascota no aparece entre los modelos disponibles en la imagen, seleccione en modelos de raza \"OTRO\" y en la casilla de texto \"RAZA\" indique de que raza se trata.  PERSONALIZABLE: Dise\u00f1ada y fabricada en Espa\u00f1a, puede personalizarla con el nombre o texto que quieras con un m\u00e1ximo de 9 caracteres.  FABRICACI\u00d3N: Fabricado con madera contrachapada MDF blanca y marr\u00f3n color madera. Un regalo artesanal, \u00fanico y personalizado que sorprender\u00e1. En la parte trasera lleva una tira de adhesivo doble cara para poder sujetarlo f\u00e1cilmente sobre cualquier superficie lisa. Patentado por Karivoo.  Medidas de la placa hueso: 24 x 10 x 0,6 cm.  &nbsp;","og_url":"https:\/\/karivoo.com\/index.php\/producto\/placa-de-madera-forma-de-hueso-personalizada-con-nombre-y-raza-de-perro\/","og_site_name":"Karivoo","article_publisher":"https:\/\/www.facebook.com\/Karivoo-105245794677788","article_modified_time":"2021-07-16T08:56:57+00:00","og_image":[{"width":2008,"height":1506,"url":"https:\/\/karivoo.com\/wp-content\/uploads\/2020\/12\/MODELOS-THOR-2.jpg","type":"image\/jpeg"}],"twitter_card":"summary_large_image","twitter_misc":{"Tiempo de lectura":"2 minutos"},"schema":{"@context":"https:\/\/schema.org","@graph":[{"@type":"WebPage","@id":"https:\/\/karivoo.com\/index.php\/producto\/placa-de-madera-forma-de-hueso-personalizada-con-nombre-y-raza-de-perro\/","url":"https:\/\/karivoo.com\/index.php\/producto\/placa-de-madera-forma-de-hueso-personalizada-con-nombre-y-raza-de-perro\/","name":"Placa de madera forma de hueso personalizada con nombre y raza de su perro - Karivoo","isPartOf":{"@id":"https:\/\/karivoo.com\/#website"},"primaryImageOfPage":{"@id":"https:\/\/karivoo.com\/index.php\/producto\/placa-de-madera-forma-de-hueso-personalizada-con-nombre-y-raza-de-perro\/#primaryimage"},"image":{"@id":"https:\/\/karivoo.com\/index.php\/producto\/placa-de-madera-forma-de-hueso-personalizada-con-nombre-y-raza-de-perro\/#primaryimage"},"thumbnailUrl":"https:\/\/karivoo.com\/wp-content\/uploads\/2020\/12\/MODELOS-THOR-2.jpg","datePublished":"2020-12-17T09:01:12+00:00","dateModified":"2021-07-16T08:56:57+00:00","breadcrumb":{"@id":"https:\/\/karivoo.com\/index.php\/producto\/placa-de-madera-forma-de-hueso-personalizada-con-nombre-y-raza-de-perro\/#breadcrumb"},"inLanguage":"es","potentialAction":[{"@type":"ReadAction","target":["https:\/\/karivoo.com\/index.php\/producto\/placa-de-madera-forma-de-hueso-personalizada-con-nombre-y-raza-de-perro\/"]}]},{"@type":"ImageObject","inLanguage":"es","@id":"https:\/\/karivoo.com\/index.php\/producto\/placa-de-madera-forma-de-hueso-personalizada-con-nombre-y-raza-de-perro\/#primaryimage","url":"https:\/\/karivoo.com\/wp-content\/uploads\/2020\/12\/MODELOS-THOR-2.jpg","contentUrl":"https:\/\/karivoo.com\/wp-content\/uploads\/2020\/12\/MODELOS-THOR-2.jpg","width":2008,"height":1506},{"@type":"BreadcrumbList","@id":"https:\/\/karivoo.com\/index.php\/producto\/placa-de-madera-forma-de-hueso-personalizada-con-nombre-y-raza-de-perro\/#breadcrumb","itemListElement":[{"@type":"ListItem","position":1,"name":"Portada","item":"https:\/\/karivoo.com\/"},{"@type":"ListItem","position":2,"name":"Tienda","item":"https:\/\/karivoo.com\/index.php\/tienda\/"},{"@type":"ListItem","position":3,"name":"Placa de madera forma de hueso personalizada con nombre y raza de su perro"}]},{"@type":"WebSite","@id":"https:\/\/karivoo.com\/#website","url":"https:\/\/karivoo.com\/","name":"Karivoo","description":"Artesan\u00eda creativa de decoraci\u00f3n personalizada","publisher":{"@id":"https:\/\/karivoo.com\/#organization"},"potentialAction":[{"@type":"SearchAction","target":{"@type":"EntryPoint","urlTemplate":"https:\/\/karivoo.com\/?s={search_term_string}"},"query-input":{"@type":"PropertyValueSpecification","valueRequired":true,"valueName":"search_term_string"}}],"inLanguage":"es"},{"@type":"Organization","@id":"https:\/\/karivoo.com\/#organization","name":"KARIVOO","url":"https:\/\/karivoo.com\/","logo":{"@type":"ImageObject","inLanguage":"es","@id":"https:\/\/karivoo.com\/#\/schema\/logo\/image\/","url":"https:\/\/karivoo.com\/wp-content\/uploads\/2020\/09\/karivoo_logo_cabecera3.png","contentUrl":"https:\/\/karivoo.com\/wp-content\/uploads\/2020\/09\/karivoo_logo_cabecera3.png","width":600,"height":456,"caption":"KARIVOO"},"image":{"@id":"https:\/\/karivoo.com\/#\/schema\/logo\/image\/"},"sameAs":["https:\/\/www.facebook.com\/Karivoo-105245794677788","https:\/\/www.instagram.com\/karivoo_com\/"]}]}},"tiered_pricing_type":"fixed","tiered_pricing_fixed_rules":[],"tiered_pricing_product_settings":{"layout":"default","base_unit_name":{"singular":null,"plural":null},"default_variation":null},"tiered_pricing_minimum_quantity":null,"tiered_pricing_roles_data":[],"tiered_pricing_percentage_rules":[],"_links":{"self":[{"href":"https:\/\/karivoo.com\/index.php\/wp-json\/wp\/v2\/product\/670","targetHints":{"allow":["GET"]}}],"collection":[{"href":"https:\/\/karivoo.com\/index.php\/wp-json\/wp\/v2\/product"}],"about":[{"href":"https:\/\/karivoo.com\/index.php\/wp-json\/wp\/v2\/types\/product"}],"replies":[{"embeddable":true,"href":"https:\/\/karivoo.com\/index.php\/wp-json\/wp\/v2\/comments?post=670"}],"wp:featuredmedia":[{"embeddable":true,"href":"https:\/\/karivoo.com\/index.php\/wp-json\/wp\/v2\/media\/671"}],"wp:attachment":[{"href":"https:\/\/karivoo.com\/index.php\/wp-json\/wp\/v2\/media?parent=670"}],"wp:term":[{"taxonomy":"product_brand","embeddable":true,"href":"https:\/\/karivoo.com\/index.php\/wp-json\/wp\/v2\/product_brand?post=670"},{"taxonomy":"product_cat","embeddable":true,"href":"https:\/\/karivoo.com\/index.php\/wp-json\/wp\/v2\/product_cat?post=670"},{"taxonomy":"product_tag","embeddable":true,"href":"https:\/\/karivoo.com\/index.php\/wp-json\/wp\/v2\/product_tag?post=670"}],"curies":[{"name":"wp","href":"https:\/\/api.w.org\/{rel}","templated":true}]}}